hen 7727488 is divided by 12668?
8
Calculate the remainder when 1817928 is divided by 605945.
93
Calculate the remainder when 193228129 is divided by 2211.
2206
What is the remainder when 176397 is divided by 1344?
333
Calculate the remainder when 1492942 is divided by 67861.
0
What is the remainder when 15428183 is divided by 109?
105
What is the remainder when 54565610 is divided by 1264?
1258
What is the remainder when 11102 is divided by 4270?
2562
What is the remainder when 3462 is divided by 478?
116
Calculate the remainder when 7632709 is divided by 7632708.
1
Calculate the remainder when 157032 is divided by 4632.
4176
Calculate the remainder when 704853 is divided by 15663.
18
Calculate the remainder when 2472828 is divided by 2472812.
16
What is the remainder when 951303 is divided by 3269?
24
Calculate the remainder when 139900262 is divided by 44984.
22
Calculate the remainder when 12864 is divided by 3053.
652
What is the remainder when 369124577 is divided by 370?
367
Calculate the remainder when 3352313 is divided by 264.
41
What is the remainder when 4230131 is divided by 54934?
213
What is the remainder when 10270449 is divided by 171171?
189
What is the remainder when 52886 is divided by 3256?
790
Calculate the remainder when 48756559 is divided by 21.
19
What is the remainder when 2509059 is divided by 632?
19
Calculate the remainder when 23743476 is divided by 11871731.
14
What is the remainder when 833207 is divided by 606?
563
Calculate the remainder when 28985 is divided by 28901.
84
Calculate the remainder when 866660 is divided by 392.
340
What is the remainder when 168304 is divided by 56083?
55
What is the remainder when 5983382 is divided by 21?
20
Calculate the remainder when 8312414 is divided by 344.
342
Calculate the remainder when 1453768 is divided by 207593.
617
Calculate the remainder when 172006 is divided by 115.
81
What is the remainder when 23035506 is divided by 3785?
3781
What is the remainder when 3595508 is divided by 28?
0
Calculate the remainder when 2138250 is divided by 1848.
114
Calculate the remainder when 6674 is divided by 2019.
617
What is the remainder when 602323 is divided by 1122?
931
Calculate the remainder when 5309871 is divided by 798.
777
Calculate the remainder when 74448 is divided by 280.
248
What is the remainder when 833589 is divided by 833215?
374
Calculate the remainder when 15615226 is divided by 12.
10
What is the remainder when 4009870 is divided by 1803?
1801
Calculate the remainder when 75821854 is divided by 4212324.
22
What is the remainder when 8411246 is divided by 73?
40
Calculate the remainder when 598300 is divided by 9799.
561
What is the remainder when 48804 is divided by 3738?
210
Calculate the remainder when 303294 is divided by 2684.
2
What is the remainder when 163134 is divided by 57?
0
Calculate the remainder when 75065 is divided by 8405.
7825
Calculate the remainder when 2130915 is divided by 638.
633
Calculate the remainder when 52540795 is divided by 1263.
1258
What is the remainder when 42022876 is divided by 90?
76
What is the remainder when 1245841 is divided by 124533?
511
Calculate the remainder when 741746 is divided by 1738.
1358
Calculate the remainder when 89044 is divided by 5629.
4609
What is the remainder when 553955 is divided by 138483?
23
What is the remainder when 111669 is divided by 880?
789
Calculate the remainder when 819 is divided by 394.
31
Calculate the remainder when 62985 is divided by 14952.
3177
Calculate the remainder when 297967 is divided by 99318.
13
What is the remainder when 23453673 is divided by 4034?
4031
Calculate the remainder when 970239 is divided by 649.
633
What is the remainder when 1768570 is divided by 589479?
133
What is the remainder when 16151 is divided by 1240?
31
Calculate the remainder when 183139 is divided by 61030.
49
Calculate the remainder when 38800 is divided by 191.
27
What is the remainder when 11929520 is divided by 2590?
2570
What is the remainder when 842227 is divided by 522?
241
What is the remainder when 265947 is divided by 85?
67
What is the remainder when 2470527 is divided by 176466?
3
What is the remainder when 3271601 is divided by 105535?
16
What is the remainder when 23556547 is divided by 1511?
57
Calculate the remainder when 5836 is divided by 2067.
1702
What is the remainder when 12494757 is divided by 6247378?
1
Calculate the remainder when 1204645 is divided by 327.
304
Calculate the remainder when 1974784 is divided by 1478.
176
What is the remainder when 9197292 is divided by 1149661?
4
Calculate the remainder when 71651 is divided by 17696.
867
What is the remainder when 45017 is divided by 43406?
1611
Calculate the remainder when 1237990 is divided by 22.
6
What is the remainder when 3397732 is divided by 38608?
228
What is the remainder when 204240 is divided by 4985?
4840
Calculate the remainder when 72605397 is divided by 3540.
3537
Calculate the remainder when 1892166 is divided by 204.
66
Calculate the remainder when 474687050 is divided by 29.
28
What is the remainder when 17582211 is divided by 1078?
31
Calculate the remainder when 69116 is divided by 1107.
482
What is the remainder when 1501056 is divided by 2715?
2376
Calculate the remainder when 10875559 is divided by 13.
6
What is the remainder when 72407588 is divided by 141?
140
What is the remainder when 9248467 is divided by 11?
8
What is the remainder when 24220536 is divided by 1696?
1656
Calculate the remainder when 4844418 is divided by 17.
13
Calculate the remainder when 7280793 is divided by 13286.
65
What is the remainder when 2386127 is divided by 430?
57
What is the remainder when 1309 is divided by 312?
61
Calculate the remainder when 6725664 is divided by 37.
26
Calculate the remainder when 10278 is divided by 946.
818
What is the remainder when 111169 is divided by 819?
604
What is the remainder when 502499 is divided by 921?
554
What is the remainder when 807057 is divided by 7788?
4893
What is the remainder when 978997 is divided by 108774?
31
Calculate the remainder when 930494 is divided by 16042.
58
What is the remainder when 5285558 is divided by 41?
2
What is the remainder when 3236976 is divided by 6946?
140
What is the remainder when 417244 is divided by 417001?
243
Calculate the remainder when 583241 is divided by 307.
248
Calculate the remainder when 1369574 is divided by 136943.
144
Calculate the remainder when 466172 is divided by 55.
47
Calculate the remainder when 1735711 is divided by 470.
1
What is the remainder when 26917067 is divided by 14?
9
What is the remainder when 12702231 is divided by 494?
9
What is the remainder when 6789790 is divided by 205738?
436
Calculate the remainder when 96224 is divided by 97.
0
What is the remainder when 643302 is divided by 128657?
17
What is the remainder when 2948163 is divided by 586?
583
What is the remainder when 418157 is divided by 6147?
161
Calculate the remainder when 172890 is divided by 1696.
1594
Calculate the remainder when 808709 is divided by 20736.
5
Calculate the remainder when 988116 is divided by 1382.
1368
Calculate the remainder when 11193626 is divided by 77733.
74
Calculate the remainder when 239823760 is divided by 45.
40
What is the remainder when 13769572 is divided by 12283?
329
Calculate the remainder when 1624017 is divided by 162399.
27
Calculate the remainder when 67850609 is divided by 141.
140
Calculate the remainder when 327847 is divided by 202.
1
What is the remainder when 184568 is divided by 36869?
223
Calculate the remainder when 619963 is divided by 309779.
405
Calculate the remainder when 3198606 is divided by 615.
606
What is the remainder when 11529307 is divided by 65?
62
What is the remainder when 19846 is divided by 3319?
3251
What is the remainder when 259137976 is divided by 1933?
1929
What is the remainder when 1755680 is divided by 111?
104
What is the remainder when 810767 is divided by 9?
2
What is the remainder when 64516342 is divided by 2389494?
4
Calculate the remainder when 15714577 is divided by 971.
884
What is the remainder when 15493386 is divided by 117?
12
What is the remainder when 18798389 is divided by 77?
71
Calculate the remainder when 48728 is divided by 5475.
492